{"id":505,"date":"2023-05-02T23:44:16","date_gmt":"2023-05-02T23:44:16","guid":{"rendered":"https:\/\/1riboavista.com.br\/new\/?page_id=505"},"modified":"2023-05-03T00:02:13","modified_gmt":"2023-05-03T00:02:13","slug":"certidoes","status":"publish","type":"page","link":"https:\/\/1riboavista.com.br\/new\/certidoes\/","title":{"rendered":"Certid\u00f5es"},"content":{"rendered":"\t\t<div data-elementor-type=\"wp-page\" data-elementor-id=\"505\" class=\"elementor elementor-505\">\n\t\t\t\t<div class=\"elementor-element elementor-element-f927d11 e-flex e-con-boxed wpr-particle-no wpr-jarallax-no wpr-parallax-no wpr-sticky-section-no e-con e-parent\" data-id=\"f927d11\" data-element_type=\"container\">\n\t\t\t\t\t<div class=\"e-con-inner\">\n\t\t\t\t<div class=\"elementor-element elementor-element-15957ef elementor-widget elementor-widget-toggle\" data-id=\"15957ef\" data-element_type=\"widget\" data-widget_type=\"toggle.default\">\n\t\t\t\t<div class=\"elementor-widget-container\">\n\t\t\t\t\t\t\t<div class=\"elementor-toggle\">\n\t\t\t\t\t\t\t<div class=\"elementor-toggle-item\">\n\t\t\t\t\t<div id=\"elementor-tab-title-2261\" class=\"elementor-tab-title\" data-tab=\"1\" role=\"button\" aria-controls=\"elementor-tab-content-2261\" aria-expanded=\"false\">\n\t\t\t\t\t\t\t\t\t\t\t\t<span class=\"elementor-toggle-icon elementor-toggle-icon-left\" aria-hidden=\"true\">\n\t\t\t\t\t\t\t\t\t\t\t\t\t\t\t<span class=\"elementor-toggle-icon-closed\"><svg class=\"e-font-icon-svg e-fas-caret-right\" viewBox=\"0 0 192 512\" xmlns=\"http:\/\/www.w3.org\/2000\/svg\"><path d=\"M0 384.662V127.338c0-17.818 21.543-26.741 34.142-14.142l128.662 128.662c7.81 7.81 7.81 20.474 0 28.284L34.142 398.804C21.543 411.404 0 402.48 0 384.662z\"><\/path><\/svg><\/span>\n\t\t\t\t\t\t\t\t<span class=\"elementor-toggle-icon-opened\"><svg class=\"elementor-toggle-icon-opened e-font-icon-svg e-fas-caret-up\" viewBox=\"0 0 320 512\" xmlns=\"http:\/\/www.w3.org\/2000\/svg\"><path d=\"M288.662 352H31.338c-17.818 0-26.741-21.543-14.142-34.142l128.662-128.662c7.81-7.81 20.474-7.81 28.284 0l128.662 128.662c12.6 12.599 3.676 34.142-14.142 34.142z\"><\/path><\/svg><\/span>\n\t\t\t\t\t\t\t\t\t\t\t\t\t<\/span>\n\t\t\t\t\t\t\t\t\t\t\t\t<a class=\"elementor-toggle-title\" tabindex=\"0\">CERTID\u00c3O DE IM\u00d3VEL RURAL<\/a>\n\t\t\t\t\t<\/div>\n\n\t\t\t\t\t<div id=\"elementor-tab-content-2261\" class=\"elementor-tab-content elementor-clearfix\" data-tab=\"1\" role=\"region\" aria-labelledby=\"elementor-tab-title-2261\"><ul><li>Planta (com a informa\u00e7\u00e3o de gleba, munic\u00edpio e \u00e1rea), ou;<\/li><li>Memorial Descritivo, ou;<\/li><li>CCIR, ou;<\/li><li>CND da Receita Federal referente ao ITR, ou;<\/li><li>Nome completo e CPF do propriet\u00e1rio, ou;<\/li><li>N\u00famero da matr\u00edcula do im\u00f3vel.<\/li><\/ul><\/div>\n\t\t\t\t<\/div>\n\t\t\t\t\t\t\t<div class=\"elementor-toggle-item\">\n\t\t\t\t\t<div id=\"elementor-tab-title-2262\" class=\"elementor-tab-title\" data-tab=\"2\" role=\"button\" aria-controls=\"elementor-tab-content-2262\" aria-expanded=\"false\">\n\t\t\t\t\t\t\t\t\t\t\t\t<span class=\"elementor-toggle-icon elementor-toggle-icon-left\" aria-hidden=\"true\">\n\t\t\t\t\t\t\t\t\t\t\t\t\t\t\t<span class=\"elementor-toggle-icon-closed\"><svg class=\"e-font-icon-svg e-fas-caret-right\" viewBox=\"0 0 192 512\" xmlns=\"http:\/\/www.w3.org\/2000\/svg\"><path d=\"M0 384.662V127.338c0-17.818 21.543-26.741 34.142-14.142l128.662 128.662c7.81 7.81 7.81 20.474 0 28.284L34.142 398.804C21.543 411.404 0 402.48 0 384.662z\"><\/path><\/svg><\/span>\n\t\t\t\t\t\t\t\t<span class=\"elementor-toggle-icon-opened\"><svg class=\"elementor-toggle-icon-opened e-font-icon-svg e-fas-caret-up\" viewBox=\"0 0 320 512\" xmlns=\"http:\/\/www.w3.org\/2000\/svg\"><path d=\"M288.662 352H31.338c-17.818 0-26.741-21.543-14.142-34.142l128.662-128.662c7.81-7.81 20.474-7.81 28.284 0l128.662 128.662c12.6 12.599 3.676 34.142-14.142 34.142z\"><\/path><\/svg><\/span>\n\t\t\t\t\t\t\t\t\t\t\t\t\t<\/span>\n\t\t\t\t\t\t\t\t\t\t\t\t<a class=\"elementor-toggle-title\" tabindex=\"0\">CERTID\u00c3O DE IM\u00d3VEL URBANO<\/a>\n\t\t\t\t\t<\/div>\n\n\t\t\t\t\t<div id=\"elementor-tab-content-2262\" class=\"elementor-tab-content elementor-clearfix\" data-tab=\"2\" role=\"region\" aria-labelledby=\"elementor-tab-title-2262\"><ul><li>Planta (com a informa\u00e7\u00e3o de gleba, munic\u00edpio e \u00e1rea), ou;<\/li><li>Memorial Descritivo, ou;<\/li><li>CCIR, ou;<\/li><li>CND da Receita Federal referente ao ITR, ou;<\/li><li>Nome completo e CPF do propriet\u00e1rio, ou;<\/li><li>N\u00famero da matr\u00edcula do im\u00f3vel.<\/li><\/ul><\/div>\n\t\t\t\t<\/div>\n\t\t\t\t\t\t\t<div class=\"elementor-toggle-item\">\n\t\t\t\t\t<div id=\"elementor-tab-title-2263\" class=\"elementor-tab-title\" data-tab=\"3\" role=\"button\" aria-controls=\"elementor-tab-content-2263\" aria-expanded=\"false\">\n\t\t\t\t\t\t\t\t\t\t\t\t<span class=\"elementor-toggle-icon elementor-toggle-icon-left\" aria-hidden=\"true\">\n\t\t\t\t\t\t\t\t\t\t\t\t\t\t\t<span class=\"elementor-toggle-icon-closed\"><svg class=\"e-font-icon-svg e-fas-caret-right\" viewBox=\"0 0 192 512\" xmlns=\"http:\/\/www.w3.org\/2000\/svg\"><path d=\"M0 384.662V127.338c0-17.818 21.543-26.741 34.142-14.142l128.662 128.662c7.81 7.81 7.81 20.474 0 28.284L34.142 398.804C21.543 411.404 0 402.48 0 384.662z\"><\/path><\/svg><\/span>\n\t\t\t\t\t\t\t\t<span class=\"elementor-toggle-icon-opened\"><svg class=\"elementor-toggle-icon-opened e-font-icon-svg e-fas-caret-up\" viewBox=\"0 0 320 512\" xmlns=\"http:\/\/www.w3.org\/2000\/svg\"><path d=\"M288.662 352H31.338c-17.818 0-26.741-21.543-14.142-34.142l128.662-128.662c7.81-7.81 20.474-7.81 28.284 0l128.662 128.662c12.6 12.599 3.676 34.142-14.142 34.142z\"><\/path><\/svg><\/span>\n\t\t\t\t\t\t\t\t\t\t\t\t\t<\/span>\n\t\t\t\t\t\t\t\t\t\t\t\t<a class=\"elementor-toggle-title\" tabindex=\"0\">CERTID\u00c3O DE PENHOR<\/a>\n\t\t\t\t\t<\/div>\n\n\t\t\t\t\t<div id=\"elementor-tab-content-2263\" class=\"elementor-tab-content elementor-clearfix\" data-tab=\"3\" role=\"region\" aria-labelledby=\"elementor-tab-title-2263\"><ul><li>Informar o penhor, safra, localiza\u00e7\u00e3o e prazo de colheita, se for plantio;<\/li><li>Informar o penhor, localiza\u00e7\u00e3o, idade e ra\u00e7a, se for bovino;<\/li><li>Informar o penhor, localiza\u00e7\u00e3o, marca e modelo, se for m\u00e1quina.<\/li><\/ul><\/div>\n\t\t\t\t<\/div>\n\t\t\t\t\t\t\t<div class=\"elementor-toggle-item\">\n\t\t\t\t\t<div id=\"elementor-tab-title-2264\" class=\"elementor-tab-title\" data-tab=\"4\" role=\"button\" aria-controls=\"elementor-tab-content-2264\" aria-expanded=\"false\">\n\t\t\t\t\t\t\t\t\t\t\t\t<span class=\"elementor-toggle-icon elementor-toggle-icon-left\" aria-hidden=\"true\">\n\t\t\t\t\t\t\t\t\t\t\t\t\t\t\t<span class=\"elementor-toggle-icon-closed\"><svg class=\"e-font-icon-svg e-fas-caret-right\" viewBox=\"0 0 192 512\" xmlns=\"http:\/\/www.w3.org\/2000\/svg\"><path d=\"M0 384.662V127.338c0-17.818 21.543-26.741 34.142-14.142l128.662 128.662c7.81 7.81 7.81 20.474 0 28.284L34.142 398.804C21.543 411.404 0 402.48 0 384.662z\"><\/path><\/svg><\/span>\n\t\t\t\t\t\t\t\t<span class=\"elementor-toggle-icon-opened\"><svg class=\"elementor-toggle-icon-opened e-font-icon-svg e-fas-caret-up\" viewBox=\"0 0 320 512\" xmlns=\"http:\/\/www.w3.org\/2000\/svg\"><path d=\"M288.662 352H31.338c-17.818 0-26.741-21.543-14.142-34.142l128.662-128.662c7.81-7.81 20.474-7.81 28.284 0l128.662 128.662c12.6 12.599 3.676 34.142-14.142 34.142z\"><\/path><\/svg><\/span>\n\t\t\t\t\t\t\t\t\t\t\t\t\t<\/span>\n\t\t\t\t\t\t\t\t\t\t\t\t<a class=\"elementor-toggle-title\" tabindex=\"0\">CERTID\u00c3O NEGATIVA (PF OU PJ)<\/a>\n\t\t\t\t\t<\/div>\n\n\t\t\t\t\t<div id=\"elementor-tab-content-2264\" class=\"elementor-tab-content elementor-clearfix\" data-tab=\"4\" role=\"region\" aria-labelledby=\"elementor-tab-title-2264\"><ul><li>Se pessoa f\u00edsica: nome completo, CPF, estado civil e para que fins est\u00e1 sendo solicitada a certid\u00e3o (Ex: Iteraima, Caixa Econ\u00f4mica Federal, Justi\u00e7a);<\/li><li>Se pessoa jur\u00eddica: raz\u00e3o social, CNPJ.<\/li><\/ul><\/div>\n\t\t\t\t<\/div>\n\t\t\t\t\t\t\t<div class=\"elementor-toggle-item\">\n\t\t\t\t\t<div id=\"elementor-tab-title-2265\" class=\"elementor-tab-title\" data-tab=\"5\" role=\"button\" aria-controls=\"elementor-tab-content-2265\" aria-expanded=\"false\">\n\t\t\t\t\t\t\t\t\t\t\t\t<span class=\"elementor-toggle-icon elementor-toggle-icon-left\" aria-hidden=\"true\">\n\t\t\t\t\t\t\t\t\t\t\t\t\t\t\t<span class=\"elementor-toggle-icon-closed\"><svg class=\"e-font-icon-svg e-fas-caret-right\" viewBox=\"0 0 192 512\" xmlns=\"http:\/\/www.w3.org\/2000\/svg\"><path d=\"M0 384.662V127.338c0-17.818 21.543-26.741 34.142-14.142l128.662 128.662c7.81 7.81 7.81 20.474 0 28.284L34.142 398.804C21.543 411.404 0 402.48 0 384.662z\"><\/path><\/svg><\/span>\n\t\t\t\t\t\t\t\t<span class=\"elementor-toggle-icon-opened\"><svg class=\"elementor-toggle-icon-opened e-font-icon-svg e-fas-caret-up\" viewBox=\"0 0 320 512\" xmlns=\"http:\/\/www.w3.org\/2000\/svg\"><path d=\"M288.662 352H31.338c-17.818 0-26.741-21.543-14.142-34.142l128.662-128.662c7.81-7.81 20.474-7.81 28.284 0l128.662 128.662c12.6 12.599 3.676 34.142-14.142 34.142z\"><\/path><\/svg><\/span>\n\t\t\t\t\t\t\t\t\t\t\t\t\t<\/span>\n\t\t\t\t\t\t\t\t\t\t\t\t<a class=\"elementor-toggle-title\" tabindex=\"0\">CERTID\u00c3O VINTEN\u00c1RIA OU CADEIA DOMINIAL COMPLETA<\/a>\n\t\t\t\t\t<\/div>\n\n\t\t\t\t\t<div id=\"elementor-tab-content-2265\" class=\"elementor-tab-content elementor-clearfix\" data-tab=\"5\" role=\"region\" aria-labelledby=\"elementor-tab-title-2265\"><ul><li><p><b>Im\u00f3vel Urbano:\u00a0<\/b><\/p><ul><li>Nome completo e CPF do propriet\u00e1rio, ou;<\/li><li>N\u00famero da Matr\u00edcula do im\u00f3vel, ou;<\/li><li>Extrato de movimenta\u00e7\u00e3o expedido pela Prefeitura ou certid\u00e3o negativa de IPTU ou certid\u00e3o de cadastro, ou;<\/li><li>Croqui de localiza\u00e7\u00e3o com a indica\u00e7\u00e3o das 4 ruas que fazem limites com a quadra.<\/li><\/ul><\/li><\/ul><p>\u00a0<\/p><ul><li><p><b>Im\u00f3vel Rural:<\/b><\/p><ul><li>Planta (com a informa\u00e7\u00e3o de gleba, munic\u00edpio e \u00e1rea), ou; \u2018<\/li><li>Memorial Descritivo, ou;<\/li><li>CCIR, ou;<\/li><li>CND da Receita Federal referente ao ITR, ou;<\/li><li>Nome completo e CPF do propriet\u00e1rio, ou;<\/li><li>N\u00famero da matr\u00edcula do im\u00f3vel.<\/li><\/ul><\/li><\/ul><\/div>\n\t\t\t\t<\/div>\n\t\t\t\t\t\t\t\t<\/div>\n\t\t\t\t\t\t<\/div>\n\t\t\t\t<\/div>\n\t\t\t\t\t<\/div>\n\t\t\t\t<\/div>\n\t\t\t\t<\/div>\n\t\t","protected":false},"excerpt":{"rendered":"<p>CERTID\u00c3O DE IM\u00d3VEL RURAL Planta (com a informa\u00e7\u00e3o de gleba, munic\u00edpio e \u00e1rea), ou; Memorial Descritivo, ou; CCIR, ou; CND da Receita Federal referente ao ITR, ou; Nome completo e CPF do propriet\u00e1rio, ou; N\u00famero da matr\u00edcula do im\u00f3vel. CERTID\u00c3O DE IM\u00d3VEL URBANO Planta (com a informa\u00e7\u00e3o de gleba, munic\u00edpio e \u00e1rea), ou; Memorial Descritivo, ou; CCIR, ou; CND da Receita Federal referente ao ITR, ou; Nome completo e CPF do propriet\u00e1rio, ou; N\u00famero da matr\u00edcula do im\u00f3vel. CERTID\u00c3O DE PENHOR Informar o penhor, safra, localiza\u00e7\u00e3o e prazo de colheita, se for plantio; Informar o penhor, localiza\u00e7\u00e3o, idade e ra\u00e7a, se for bovino; Informar o penhor, localiza\u00e7\u00e3o, marca e modelo, se for m\u00e1quina. CERTID\u00c3O NEGATIVA (PF OU PJ) Se pessoa f\u00edsica: nome completo, CPF, estado civil e para que fins est\u00e1 sendo solicitada a certid\u00e3o (Ex: Iteraima, Caixa Econ\u00f4mica Federal, Justi\u00e7a); Se pessoa jur\u00eddica: raz\u00e3o social, CNPJ. CERTID\u00c3O VINTEN\u00c1RIA OU CADEIA DOMINIAL COMPLETA Im\u00f3vel Urbano:\u00a0 Nome completo e CPF do propriet\u00e1rio, ou; N\u00famero da Matr\u00edcula do im\u00f3vel, ou; Extrato de movimenta\u00e7\u00e3o expedido pela Prefeitura ou certid\u00e3o negativa de IPTU ou certid\u00e3o de cadastro, ou; Croqui de localiza\u00e7\u00e3o com a indica\u00e7\u00e3o das 4 ruas que fazem limites com a quadra. \u00a0 Im\u00f3vel Rural: Planta (com a informa\u00e7\u00e3o de gleba, munic\u00edpio e \u00e1rea), ou; \u2018 Memorial Descritivo, ou; CCIR, ou; CND da Receita Federal referente ao ITR, ou; Nome completo e CPF do propriet\u00e1rio, ou; N\u00famero da matr\u00edcula do im\u00f3vel.<\/p>\n","protected":false},"author":1,"featured_media":0,"parent":0,"menu_order":0,"comment_status":"closed","ping_status":"closed","template":"","meta":{"footnotes":""},"class_list":["post-505","page","type-page","status-publish","hentry"],"_links":{"self":[{"href":"https:\/\/1riboavista.com.br\/new\/wp-json\/wp\/v2\/pages\/505","targetHints":{"allow":["GET"]}}],"collection":[{"href":"https:\/\/1riboavista.com.br\/new\/wp-json\/wp\/v2\/pages"}],"about":[{"href":"https:\/\/1riboavista.com.br\/new\/wp-json\/wp\/v2\/types\/page"}],"author":[{"embeddable":true,"href":"https:\/\/1riboavista.com.br\/new\/wp-json\/wp\/v2\/users\/1"}],"replies":[{"embeddable":true,"href":"https:\/\/1riboavista.com.br\/new\/wp-json\/wp\/v2\/comments?post=505"}],"version-history":[{"count":7,"href":"https:\/\/1riboavista.com.br\/new\/wp-json\/wp\/v2\/pages\/505\/revisions"}],"predecessor-version":[{"id":514,"href":"https:\/\/1riboavista.com.br\/new\/wp-json\/wp\/v2\/pages\/505\/revisions\/514"}],"wp:attachment":[{"href":"https:\/\/1riboavista.com.br\/new\/wp-json\/wp\/v2\/media?parent=505"}],"curies":[{"name":"wp","href":"https:\/\/api.w.org\/{rel}","templated":true}]}}